late (29 - 15) + -44 + 0.
-30
Evaluate -82 - -44 - -40 - 8.
-6
(0 - (32 - 28)) + (0 - -1)
-3
What is 0 - (-4 - 4 - (-17 - 0) - 3)?
-6
-13 + 15 + (-13 - -7) + -5
-9
Evaluate 6 + (0 + (-3 - -4) - (0 - -2)).
5
What is -16 + 2 - -3 - (-304 + 307)?
-14
What is the value of (-1 - -3) + 11 - (-126 + 164)?
-25
0 + -3 + 0 - ((63 - 98) + 47)
-15
-25 - (-9 + -9) - -2
-5
What is 1 + 0 + 409 + -395 - 6?
9
9 + -26 + 21 + 19
23
Calculate 2 - 20 - -11 - -7.
0
Calculate 37 + (-36 - -29) - -2.
32
What is 2 + (6 - (-11 + 24)) - (14 - 0)?
-19
What is the value of -25 - (-1 + -14) - (0 - (27 - -1))?
18
Evaluate 12 + (2 + 1 - 6) + -7 + 7.
9
What is the value of -20 + (7 - ((-6 - 6) + 10 + 1))?
-12
What is the value of 1 - 22 - -14 - 3?
-10
Calculate -19 - (-13 - (19 - 16)) - -33.
30
Evaluate -5 - (-7 + -14 + 8) - (-56 + 46).
18
Calculate 28 + -6 - (18 + 0 - 1).
5
What is (0 - 7) + 8 + 8 - -8?
17
What is the value of -49 + (41 - -12 - 28)?
-24
Calculate 0 - (-1 + (-7 - -2) + 10) - -4.
0
What is (-25 - 2) + -74 + 93?
-8
What is -51 - -55 - (-1 + 25) - 1?
-21
What is 8 + (8 - (-10 - -7)) + -6 - 4?
9
Evaluate -1 + -10 + 9 - (13 + -2 + -3).
-10
Calculate 1949 - 1958 - (3 + -2 + (-2 - -4)).
-12
What is 28 - (2 + (-28 - -30))?
24
-5 + 11 + 0 - (-15 - (-2 - -7))
26
What is 0 + -1 + (5 - -1) - (-666 + 661)?
10
(54 - 8 - 27) + 6
25
Calculate -38 + 39 + 27 - 23.
5
What is the value of (0 + -2 - -1 - -2) + (-2224 - -2230)?
7
Calculate -4 + -5 + -2 + -9 + 9.
-11
What is the value of 10 + (-18 - -2 - -15)?
9
What is (-369 - -376) + 0 + -19 + 6?
-6
What is 533 + -497 + -27 + -1?
8
Evaluate -26 + (-15 + 20 - -1) + -4.
-24
What is the value of 94 - 62 - (-1 - -11)?
22
What is the value of 1 - (-2 + -8 + 5 + (1 - 8))?
13
What is -82 + 58 - (-1 + -18)?
-5
-17 + (-25 - (-70 + 13))
15
What is -10 + -2 + 10 + -13 + 7?
-8
Calculate (7 - 12) + -34 + 14 - (3 + 2).
-30
-2 + (-26 + 13 - -8) + (2 - -1)
-4
Evaluate 16 + -5 + 4 + -3 + 4 + -3.
13
Evaluate -276 + 299 + -8 + (0 - 1).
14
22 + -1 - (34 - 13)
0
What is (-53 - -31) + (13 - 1) - -10?
0
What is the value of -11 + (-14 - (-2 + 19 + -23))?
-19
-32 + 5 + 9 + 1
-17
What is -4 - (10 - (-13 + 37))?
10
-2 - (18 + (-6 - 2))
-12
What is the value of -5 + (-15 + -4 - -17) + 1 + -5?
-11
What is the value of 95 + -47 + -47 - (-1 - (0 - -12))?
14
Calculate (-6 + -24 + 29 - (-1 + 9)) + 19.
10
What is the value of 11 + (2 - 19) - (-4 - -2 - 3)?
-1
What is the value of 14 + -7 + (2 - 0) - 4?
5
Calculate (1 - 9 - -2) + (13 - 38 - -41).
10
-1 + -8 + 2 - (-457 - -458)
-8
Calculate 7 + (-10 + 11 - 12).
-4
Evaluate 71 + -65 - 31 - (-1 - 13).
-11
5 + (20 - (11 - 5)) + (-8 - -2)
13
11 + -4 + -7 + (3 - 1)
2
Evaluate 2 + (2 - 0) + (10 - (9 - 4)).
9
(0 - 4) + (18 + (4 - 11) - 18)
-11
What is -4 - 0 - (-48 - (-82 + 13))?
-25
Calculate 2 - (-2 + 6 + 0) - 1.
-3
What is -7 + (19 - -6 - 9)?
9
What is the value of -2 + -4 + -2 + 0 + (-11 - -23)?
4
What is the value of 8 + (-16 - -11) + (-4 - 4) + 16?
11
Calculate 8 - (0 + -10 + 141 + -106 + 3).
-20
What is the value of -13 - ((-2 - (-10 - -12)) + -4)?
-5
Evaluate 4 + (18 - 11) + -25.
-14
What is the value of 13 - (-20 + 20 + 12)?
1
(-21 - -4) + -2 + 2
-17
What is the value of -2 + (-4 - (-3 + 9))?
-12
What is the value of 1 + 16 + -1 + -30?
-14
What is the value of -29 - 4 - -25 - -15?
7
Calculate 8 + (24 - 8 - 8).
16
What is the value of 14 - 15 - (4 + 1) - (-4 + 1)?
-3
-18 - -17 - (4 + -3 + -3)
1
What is the value of 7 + (-5 + 5 - 0) + (19 - 46)?
-20
Evaluate 4 - (4 - 6 - -24 - 3).
-15
Calculate 12 + 1 + (-13 - (2 - 2)).
0
Evaluate -7 + -3 + (-8 - -33) + -5 + 2.
12
What is the value of 8 + (1 - 3) - (-60 - -59)?
7
What is the value of 12 + -27 + 11 + 3 + -1?
-2
Evaluate 2 + (13 - 3) + -8.
4
Calculate (-2 - -6) + (-5 - -16) - (12 - 6).
9
-4 - (-1 + 0) - (287 + -280)
-10
What is the value of (17 - 1) + 25 + -8 - 9?
24
3 + -15 + (4 - 1) - -10
1
What is 0 - (8 - (-6 - -18))?
4
-24 + 1 + (-5 - ((-29 - -5) + 12))
-16
Calculate 6 + -6 + (-5 - (18 + -11) - -30).
18
27 + -26 - -5 - -14
20
What is -2 + (8 - (-4 + 7 + 1)) - 0?
2
Calculate 24 + -7 + 0 + 7 + -25 + 22.
21
What is the value of (-3 + 60 - 25) + -51?
-19
What is the value of 3 - (19 + -25 + 2 + -1)?
8
What is (23 - 23) + (2 - 1) + -8 + 3?
-4
Evaluate 2 - -4 - (-2 - (-22 + 16)).
2
-725 + 711 + (-1 - -3)
-12
What is the value of (-6 - 1) + (-901 - -929)?
21
What is the value of -13 - ((-8 - -12) + -8)?
-9
Evaluate (-25 - -28) + -1 + 10.
12
What is the value of 9 - (-10 - 2) - 12?
9
(-39 - (-33 + -1)) + (13 - (1 - 1))
8
Evaluate 2 + -6 + (10 - 6 - -8).
8
Calculate -2 + -12 + -48 + (43 - -3).
-16
Evaluate 23 - (-27 - -25 - -35).
-10
13 + 1 - (-203 - -218)
-1
What is the value of (-69 - (-4 + -30)) + 23?
-12
Calculate (15 - -13) + -21 + (9 - -3).
19
Calculate 3 + 2 + (-13 - -4).
-4
(7 - 2 - -16) + 43 + -23 + -27
14
What is 12 + (1 - 9 - (-62 - -56))?
10
What is the value of -5 + (0 - 8 - ((-1 - -1) + -1))?
-12
(101 - 111) + -5 + 2 + 7
-6
(-1 - 1) + (-14 + 56 + -20 - 18)
2
What is (0 - 2) + -1 - (132 + -123)?
-12
What is the value of -26 + 4 + 3 - ((-26 - -27) + -3)?
-17
Calculate (3 - -10 - -26) + -22.
17
What is the value of -9 + 28 - (-16 - -30)?
5
(1 - 2) + (13 - 11)
1
Calculate 1 + 0 + -2 + 0 - (288 - 270).
-19
Evaluate 5 + 2 + -1 + 14 + -25 + 6.
1
Calculate (-1 - 2 - 2) + (11 - (-3 + 10)).
-1
What is the value of 131 + -166 - (-16 + -2)?
-17
-8 + (114 - 64) - (1 + 12)
29
What is (2 + -2 - -2) + (1964 - 1959)?
7
What is the value of (-9 + 9 - -4) + -7 + 2 - 9?
-10
What is 18 - -1 - (1 + -3) - (-925 + 931)?
15
What is -23 + (-12 - -35 - 8)?
-8
Calculate -5 + 3 - ((31 - 23) + 20 + -2).
-28
What is the value of 2 + (4 - (5 + -3 + -2)) - 7?
-1
Calculate 2 + (-8 - (6 + -19 + 9)).
-2
-6 + (-12 - -8) - 0 - 11
-21
Calculate -2 + -2 + -4 - (-86 - -82).
-4
What is 0 + -30 + 9 + -3 + 1?
-23
1 + -18 - (24 - 44)
3
-11 - (-2 + -16 - 2 - 7)
16
What is 38 + -3 - (8 - (-1 + (-15 - -19)))?
30
What is the value of 9 + (-13 - (2 + -4))?
-2
Calculate (-9 - -29) + -39 + 12.
-7
(-4 - -2) + (121 - 123)
-4
570 + -574 - ((7 - 1) + 1)
-11
What is (-1 - -41) + (-93 - -66)?
13
What is 7 + -31 + (-32 - -41)?
-15
What is the value of 4 + -1 + -15 + 22 - (-4 + 8)?
6
Evaluate 37 + -15 + -45 + 9 + -1.
-15
Calculate -4 - (1 - -5 - (15 + -34 + 18)).
-11
Evaluate -24 + 9 + 31 + 0.
16
Calculate 7 - (17 + (10 - 15)).
-5
Calculate 23 - ((-52 - -37) + 35).
3
Evaluate -1 + 15 - (93 - 85 - 7).
13
Calculate 0 + 2 + 89 + -88.
3
0 + 23 + 139 + -149 + -5
8
What is the value of -18 + (14 - (0 + 0 + 4))?
-8
What is 4 - (-7 + (-41 - -50 - (10 + 0)))?
12
What is 38 + -1 + -15 - 19?
3
Calculate 4 - (-2 + 9 + 6).
-9
Evaluate 1 - (18 + -3 + -6) - -6.
-2
-1 - (11 + 17 + -11)
-18
Calculate (2 - (-3 + 7)) + (-18 - -20) - -7.
7
What is -1 + 11 + -4 + (1 - (3 - 4))?
8
What is the value of 3 - (3 - 0) - (-31 - -30)?
1
What is the value of 7 - (-3 + (-7 - 0) + 27)?
-10
What is -5 + (-21 + 9 - -8)?
-9
Calculate (-544 - -535) + -6 + (0 + -3 - -5).
-13
What is -5 - -1 - -10 - -1?
7
What is (11 - (9 - 5) - (-10 - 5)) + -2?
20
7 - (9 - (-5 - -12))
5
What is 6 + 2 + (-7 - (-9 + -6 + 3))?
13
What is (54 + -52 - (0 + -2 + 8)) + 10?
6
What is (11 - (-38 + 52)) + 1 + -17?
-19
0 - 5 - ((-3 - 1) + 11)
-12
(13 - -14 - 17) + -10 - 0
0
Calculate (0 - 3) + -3 + -37 + 57.
14
Evaluate (8 + -9 - 6) + 1 + 9 + -11.
-8
What is (-18 + 27 - 18) + 14 - -10?
15
What is the value of 0 + -29 - (-9 - (-1 - 1))?
-22
What is -4 + -1 + 90 + -30 + -51?
4
What is -7 - (-5 - (46 - 28 - (-1 - -4)))?
13
What is 0 - (0 + 25) - (521 + -526)?
-20
Calculate 0 - (-11 - 14 - (-12 + -1)).
12
What is -14 + 15 + -10 - 8?
-17
What is the value of -3 + -15 - (7 - 19)?
-6
What is the value of -7 + 29 + -12 + 2?
12
Calculate (0 - 3) + 6 + -7 + 2 + 2.
0
Evaluate 10 + -3 + (-1 - 2).
4
Evaluate (-83 - -88) + (-1 - -1).
5
9 + 5 - (0 - (-1 - 12))
1
What is 7 + 6 + -1 + -24?
-12
Calculate (4 - -4) + (0 - (5 + 23)) + -2.
-22
4 + 7 + -3 - (-5 - (-1 - 2))
10
What is the value of (-23 - -15) + (0 - (1 - 20))?
11
-21 + 50 + -15 + -1
13
Calculate -12 - (11 + (-10 - 8)).
-5
What is the value of -2 + (5 - 1) - (15 - 17)?
4
Calculate 15 + (-29 - -5) + 10 - 6.
-5
What is the value of 12 + 2 + (8 - 32) - -8?
-2
Calculate 0 + -17 + (-926 - -938).
-5
Evaluate (8 - -2) + (-25 + -18 - -10).
